ppose h = -z + 2*z + a - 15, -2*z - 4*a = -28. What is the tens digit of z?
1
Let b = 124 + -36. What is the tens digit of b?
8
Suppose 686 = 8*d - 698. What is the hundreds digit of d?
1
Suppose -2*q = -4 - 2. What is the units digit of q?
3
Let f(d) = -2*d - 11. Let o = 15 - 24. What is the units digit of f(o)?
7
Let s be (-1)/(-1) - (12 - 0). Suppose 2*h = 2 - 32. Let x = s - h. What is the units digit of x?
4
Let k = 1 - 8. Let r = 6 + k. Let i(w) = 5*w**2 + 2*w + 1. What is the units digit of i(r)?
4
Let h be (1 - 6)*(-2)/5. What is the units digit of (1/(-2))/((-1)/h)?
1
Let n(y) = -y**3 + 5*y**2 - 4*y + 6. Let w be n(5). Let o = 20 + w. What is the units digit of o?
6
Let j(q) = q**2 - 5*q - 8. Suppose -45 = -5*f + 4*g - 2*g, 4*f - 33 = g. Let i be j(f). Suppose 0 = 2*s - i - 8. What is the units digit of s?
7
What is the units digit of (-2 - -14) + (3 - 5)?
0
Let n = -3 - -7. Suppose -u = u - n. Suppose 0 = 4*l + u*v, l - 22 = 3*v - 8. What is the units digit of l?
2
Let s = -2 - -2. Let g be (-93)/(-9) + 2/(-6). Suppose -t + g = -s*t. What is the tens digit of t?
1
Let a be (-10)/4*(-2 + -6). What is the units digit of a*(-3 + (-51)/(-15))?
8
Let r = 13 + 2. What is the units digit of r?
5
Suppose 3*k - 2034 = -5*p, k = -k - 4. What is the tens digit of p?
0
Let g = 3 - -4. Suppose 5*k - 3*y - g = 22, -3*k = -y - 15. Suppose 24 + 12 = k*v. What is the units digit of v?
9
Suppose -2*t + 4*o = 5 - 1, -3*o = -t - 4. What is the units digit of t?
2
Suppose 4*q - 244 = 164. What is the tens digit of q?
0
What is the tens digit of 231/4*(-40)/(-15)?
5
Suppose 0 = 3*y - 4*a, 5*y + 4*a = 3*y. Suppose -2*o + 5*m = -21, y*m = -2*o + 4*m + 16. Let r = -1 - o. What is the units digit of r?
1
Let y be ((-4)/8)/(2/(-16)). Let b be 75/(-27) + (-2)/9. What is the units digit of y*1 - (3 + b)?
4
Let g be (-1)/(-2 - 5/(-3)). Suppose -5 + 13 = 2*t - 4*j, -3*t + 12 = -g*j. Suppose a = -0*a + 4*s + 16, 0 = -2*a - t*s - 4. What is the units digit of a?
4
Let j(g) = -2*g - 1. Let q be j(-4). Let i = q - 3. Suppose -3*o + 26 = -d, i*d + 23 = 3*o - 0*d. What is the units digit of o?
9
Suppose 3*z + 6 = 3*x - 12, -2*z = 4*x - 24. What is the units digit of x/(-4)*(-8)/3?
4
Suppose 4*s = 3*s + 3*u + 28, -5*s = -u - 196. What is the tens digit of s?
4
Let t = -16 + 16. Suppose t = -9*p + 5*p + 36. What is the units digit of p?
9
Let o = 24 + -13. Suppose -6*f = -o*f + 45. What is the units digit of f?
9
Let z be 4/(-2) + (3 - -10). Let f = z - 5. Let j(m) = m**2 - 4*m - 6. What is the units digit of j(f)?
6
Let o(w) = 2*w**3 - 2*w**2 - w - 2. Let s be o(2). Let d(z) = z**3 + 8*z**2 + 10*z + 3. Let k be d(-7). What is the units digit of s/k + 166/18?
9
Let c = 16 - 10. Suppose 2*k + 0*k = c. What is the units digit of k?
3
Let w be (-3 - (-1 - 0)) + 17. Suppose -4*h - h = -w. Suppose 0 = 4*c - 5*c + 5, i + 9 = h*c. What is the units digit of i?
6
Suppose -y - 1 = -3*b - 6, -13 = -4*y + 5*b. What is the units digit of 1/y*(7 + -5)?
1
Let s(v) = -v + 1. Let u = -7 - -2. What is the units digit of s(u)?
6
Let n(h) = 21*h**3 + 2*h**2 + 3*h - 4. What is the tens digit of n(2)?
7
What is the tens digit of 2/(16/418) + (-16)/64?
5
Suppose -g = -3*z - 14, -3*g - z + 0*z = -2. What is the units digit of g/(-4)*(-56)/14?
2
Suppose -y = -c + 1 - 0, -13 = y - 5*c. Let n(t) = -10*t. Let d be n(y). Let f = -14 - d. What is the units digit of f?
6
Let o = -1 - 4. What is the tens digit of ((-44)/o)/((-4)/(-10))?
2
Suppose 0 = 2*p - 4*p + 84. What is the units digit of p?
2
Let z(d) = -d**3 + 4*d**2 - 4*d + 1. Let a be z(3). Let p(i) = -i**3 + 2*i**2 + 1. What is the tens digit of p(a)?
1
Let v = 134 - 92. Suppose 0*i + 3*i = 5*r + 12, -3*i + v = 5*r. What is the units digit of i?
9
Let j = 6 + 0. Suppose 4*i + 68 = j*i. What is the tens digit of i?
3
Let r be 3 + -4 + 1 + 3. Suppose r*h = 195 - 60. What is the tens digit of h?
4
Let k be (-1892)/(-33) + 1/(-3). Suppose 0 = -4*a + k + 35. What is the units digit of a?
3
Let i(l) = -l**2 + 3*l + 1. Let u be i(5). Let f be ((-3)/u)/((-1)/(-6)). Let x = f - 1. What is the units digit of x?
1
What is the units digit of (-82)/(-6) + 1/3?
4
Suppose 8*g - 4*y = 3*g - 5, y = -5*g - 5. What is the units digit of (-122)/(-8) - g/(-4)?
5
Let r(z) = -18*z + 7. What is the tens digit of r(-11)?
0
Let p be -2*2 - (41 + -4). Let u = -29 - p. What is the units digit of u?
2
Suppose -2*g + 7*g - 5 = 0. Let j(l) = -4 - 8*l - 5*l**2 - g + 4*l**2. What is the units digit of j(-6)?
7
Let b be ((-8)/10)/((-1)/5). Suppose -b*m + 75 = m + 5*k, -3*m + 2*k = -45. What is the units digit of m?
5
Suppose -b - 28 = -3*b. What is the tens digit of b?
1
Suppose c + 1 = 3. Suppose -c*l + 50 = -5*s + 20, -5*s = -3*l + 35. What is the units digit of l?
5
Suppose -j = j + 8. Let z be 1*(-2)/((-2)/9). Let k = j + z. What is the units digit of k?
5
Suppose -q = 4*q - 5. Let n = q - -15. Suppose -4*y - 4*p = -n, 2*p + p = -y + 2. What is the units digit of y?
5
Suppose 6*d - 33 = 3*d + 3*j, 0 = -j - 2. Let m(t) = -t**3 + 8*t**2 + 11*t - 10. What is the units digit of m(d)?
8
Suppose 3*b + 63 = 6*b. Suppose 5 = -q + b. What is the units digit of q?
6
Let a be (2/6)/(3/45). Suppose v - 9 = 3*q, 4*v - 14 - 22 = a*q. What is the units digit of v?
9
What is the units digit of 68*4*3/24?
4
Suppose -2*h + 5*h = -1074. Let k be h/(-6) + (-3)/(-9). Suppose -3*i - p = -32, -3*p = -4*i - 0*p + k. What is the tens digit of i?
1
Let u(l) = 5*l**2 - 9*l + 3. What is the hundreds digit of u(-4)?
1
Suppose 0*o = o - 4. Let v be (-100)/(-45) + o/(-18). Let w = 2 + v. What is the units digit of w?
4
Suppose -940 = -5*n + 5*q, -6*q + 10 = -4*q. What is the units digit of n?
3
Let z(f) = f**3 + 17*f**2 + 50*f + 9. What is the units digit of z(-12)?
9
Let a = 14 - 7. Suppose 2*z = -v - 0*v + 9, -v + a = z. What is the units digit of v?
5
Suppose 3*f - 68 = 4*a - 357, 0 = 4*a + 5*f - 329. Suppose -3*z + 49 = -2*g, 3*z - 4*g + 23 = a. What is the units digit of z?
5
Let h = 33 - -26. What is the units digit of h?
9
Let f(r) = -3*r - 10. Let h be f(-7). What is the units digit of 6/4*(h + -1)?
5
Let o = 18 + -29. Let l = o - -6. What is the units digit of (-2)/(-5) + (-28)/l?
6
Let p(j) = -j**3 + 17*j**2 + 19*j - 9. What is the units digit of p(18)?
9
Suppose -5*o = -2*v + 4, 0 = -4*v - 3*o - o + 8. Suppose -v*g + 14 = -8. Suppose 0*f = -2*i + f + 7, 3*i - g = 2*f. What is the units digit of i?
3
Let f(a) = a**2 - 1. Let w be f(2). Suppose 0 = w*j + 9 - 36. What is the units digit of j?
9
Let d be 40/8 + (-1 - -1). Let b be -2*10/(-4)*1. Suppose -2 = -3*c - b, 0 = 3*t - d*c - 29. What is the units digit of t?
8
Suppose o = -2*y - 2, 0 = 5*o - 10*o + 3*y - 36. What is the units digit of (o/(-5))/((-6)/(-20))?
4
Let y be (1 + 0)*-6*2. Let h = y + 4. What is the tens digit of (-39)/2*h/12?
1
Suppose 16 = 4*w, -3*t - 2*t + w = -41. What is the units digit of t?
9
Suppose 43 = 2*l - 95. Suppose 5*x + h - 2*h + l = 0, 5*h - 85 = 5*x. Let k = 1 - x. What is the units digit of k?
4
Suppose 3*t - 150 = -0*t. What is the tens digit of t?
5
Suppose -3*o + 70 = -5. Suppose j - 2*j = -o. What is the units digit of j?
5
Let q = -23 - -14. Let l(k) = -10 + 3*k**2 - 2*k**2 + 0*k**2 + 6*k. What is the tens digit of l(q)?
1
Let g = -6 + 12. Let c(k) = k**2 - 4*k. What is the units digit of c(g)?
2
Suppose 4*u - u = -c + 1, -u + 4 = 4*c. Let l be (u + 2)*14 - -3. Let f = l + -19. What is the tens digit of f?
1
Suppose -15*q = -20*q + 40. What is the units digit of q?
8
Suppose -5*f + 15 = -0*f. What is the units digit of f?
3
Let q = 38 - 66. What is the units digit of (-161)/q + (-1)/(-4)?
6
Let t(g) = g**3 - 7*g**2 + 8*g - 17. What is the tens digit of t(8)?
1
Suppose 0 = -6*h + 9*h - 90. What is the units digit of h?
0
Let x be (1 - 15/(-6))*4. Let z = 22 - x. What is the units digit of z?
8
Suppose 15 = -2*j + 5*j, 4*j + 382 = 3*d. What is the hundreds digit of d?
1
Let u = 0 + 6. Suppose -w - 2*w = -15, 3*l + 3*w = 21. Suppose -x + 30 = m - u*x, -l*x = 5*m - 15. What is the units digit of m?
5
Suppose 2*o - 8 = -3*y + 4, 4*o - 2 = 5*y. Let k = 11 - y. What is the units digit of k?
9
Let s = 15 + -5. Let r be s/(-15) - 8/(-3). Suppose r*b = -0*b + 18. What is the units digit of b?
9
Let l(q) = q + 2